 20.
10
Let f be (27/2)/((-1)/(-6)). Let q = -9 + -42. Let r = q + f. What is the highest common divisor of r and 10?
10
Let k be (39 - -9)/8*1. What is the highest common factor of 14 and k?
2
Let f be -1*(-3)/9*6. Suppose 0 = -f*n - 7 + 3. Let u be -1 + n - -8 - -4. What is the greatest common divisor of 18 and u?
9
Let q be 6/3 - (-19)/1. Suppose 56*x - 58*x + 14 = 0. Suppose -4*s + 231 = x*s. Calculate the greatest common factor of q and s.
21
Let o = 111 - -32. What is the greatest common factor of 247 and o?
13
Let k be ((-60)/(-140))/(2/14) - -111. Calculate the highest common divisor of 171 and k.
57
Let n = 5 - 5. Suppose 2*u - 4*o - 38 = n, -3*u + 155 = 2*u + 2*o. Let t = 64 - u. Calculate the highest common divisor of t and 5.
5
Suppose -2*d = 4*f - 496 + 118, -3*f + 285 = 3*d. Calculate the highest common factor of 423 and f.
47
Let l = 346 - 340. Calculate the highest common divisor of l and 978.
6
Let t be (-178)/(-5) - 3/5. Let j be 1*-50*(-4)/8. Let w be j/5*(-2)/(-2). Calculate the greatest common factor of w and t.
5
Let h = 70 + -49. Suppose -3*r + h = -21. What is the highest common divisor of 2 and r?
2
Let i be -3*2/(-6)*50. Let a = -39 + i. What is the highest common factor of 121 and a?
11
Let w = 309 + -295. Calculate the greatest common divisor of 49 and w.
7
Let l be 80950/225 - (-2)/9. What is the greatest common factor of l and 16?
8
Let i(o) = 217*o - 27. Let t be i(3). What is the greatest common factor of 78 and t?
78
Suppose -3*h = 77 - 383. Calculate the highest common factor of 18 and h.
6
Suppose 5*g - 3 = 4*g. Suppose -g*y - 268 = -2*f + 201, -3*y = -4*f + 923. Let n = f + -139. Calculate the greatest common divisor of n and 8.
8
Suppose -4*s = 10 - 94. Let j be (-138)/(1 + s/(-12)). What is the highest common divisor of 23 and j?
23
Let b = 996 - 44. Calculate the highest common factor of 272 and b.
136
Let y be (-8)/(-6) - 1/3. Let z(s) = -s**3 - 7*s**2 + 8*s - 14. Let q be z(-8). Let x be 1/(q/(-102)) - 8/28. What is the greatest common factor of y and x?
1
Suppose v = 5*v - 2*f - 18, -5*f = -5*v + 30. Suppose -v*n + 1100 = 8*n. What is the highest common divisor of n and 20?
20
Let w = -4 + 6. Let g be (8/w)/(7/91). Let b be (g - -1) + (5 - 7). Calculate the greatest common divisor of 17 and b.
17
Let u = 2776 + -2348. What is the highest common factor of u and 4?
4
Let m = -1 - -1. Suppose m = 2*q - 14 - 28. Suppose -k = 2, 0*p - 4*p + 4*k = -428. Calculate the greatest common divisor of q and p.
21
Let k = -25 - -13. Let q be k/16 + (-39)/(-4). Let t be 2*2 - (-7 - -10). Calculate the highest common divisor of t and q.
1
Let q = -3 + 22. What is the highest common divisor of 475 and q?
19
Let v(n) = n**3 - n**2 - 3*n + 5. Let d be v(5). Let u = -3374 - -3384. What is the greatest common divisor of d and u?
10
Let q = -10 + 18. Let h(o) = -2*o + 34. Let d be h(7). What is the highest common divisor of q and d?
4
Let i be (7 - 13) + 12 + 69. What is the greatest common divisor of i and 195?
15
Let x(w) = w**3 - 8*w**2 - 8*w - 3. Let m be x(9). Let p be 22/(-1) - 6/m. Let r = p - -35. Calculate the greatest common factor of r and 84.
12
Let h be (((-72)/21)/(-4))/((-1)/(-21)). Let x(s) = 3*s**2 + 4*s + 3. Let i be x(-3). Calculate the highest common factor of h and i.
18
Let r(x) = 4*x**2 - 2*x - 12. Let b(g) = 19*g**2 - 11*g - 59. Let y(v) = -2*b(v) + 11*r(v). Let n be y(-5). What is the greatest common factor of n and 17?
17
Let y be (282/(-3))/((-1)/2). Suppose -y*d = -192*d + 608. Calculate the greatest common factor of d and 19.
19
Let t(b) = 55*b - 381. Let k be t(12). What is the greatest common divisor of 124 and k?
31
Suppose -16*b - 222 = -4062. Calculate the highest common divisor of 3 and b.
3
Suppose 0 = 6*q + q - 56. Suppose 0 + 14 = 7*z. Calculate the greatest common factor of z and q.
2
Let g(u) = u**2 - 7*u + 2. Let v = -6 - -15. Let d be g(v). What is the greatest common factor of 50 and d?
10
Let w = -42 + 41. Let p be 3*w/(-2) - 2/(-4). What is the greatest common divisor of 5 and p?
1
Let x(p) be the third derivative of p**6/120 - 3*p**5/20 + 13*p**4/24 - 8*p**3/3 - 14*p**2. Let s be x(8). What is the greatest common factor of 168 and s?
24
Suppose -3*w + 51 - 42 = 0. Calculate the highest common factor of 51 and w.
3
Let c(a) = 3*a**2 - 9*a + 12. Let l = -10 + 14. Let q be c(l). Calculate the greatest common divisor of q and 120.
24
Suppose 7*i - 13*i = -1104. What is the greatest common factor of 138 and i?
46
Let m(i) = 180*i - 57. Let z be m(3). Calculate the greatest common divisor of z and 138.
69
Suppose 133*g + 50 = 143*g. What is the greatest common factor of 55 and g?
5
Suppose 5*q = 5*h + 260, 4*q + 5*h - 222 = -14. Let k be -1 - -4 - (-86 - -76). Calculate the greatest common divisor of q and k.
13
Let h = -11 - -46. Let y = h - 16. Let b = y + -9. Calculate the greatest common divisor of 10 and b.
10
Let i(s) = s**3 - 6*s**2 - 5*s + 61. Let k be i(7). Calculate the greatest common factor of 60 and k.
15
Let m be (43/2)/(5/10). Let b = 72 - m. Suppose 0 = -5*f - 2*c + 214, b = 2*f - f + 5*c. Calculate the greatest common divisor of 11 and f.
11
Let w = 563 - 459. Calculate the greatest common factor of w and 8.
8
Let q(w) be the first derivative of w**4/4 - w**3 - 7*w**2/2 + w - 2. Let g be q(5). Let n = 2296 - 2292. What is the greatest common divisor of n and g?
4
Suppose -14*i + 16*i = 68. What is the highest common factor of i and 119?
17
Suppose 5*h - 38 = -13. Suppose -n + 29 = 4*r, 0*r - 50 = -h*r - 4*n. Calculate the greatest common factor of 24 and r.
6
Suppose 42 = -3*w + 321. Suppose -5*n + 12 = -w. Calculate the greatest common factor of n and 168.
21
Let m = 97 - 49. What is the greatest common divisor of m and 528?
48
Let y(a) = 4*a**2 + 94*a - 38. Let m be y(-27). What is the highest common factor of m and 119?
17
Let i(w) = -22 - 8*w**2 + 36*w**2 + 20. Let v be i(2). Calculate the highest common divisor of v and 11.
11
Suppose -70*l = -77*l + 399. Let h(p) = -6*p**3 + 2*p**2 - p - 1. Let t be h(-2). What is the highest common factor of l and t?
57
Let s be (6 + -3 - 1) + 4. Calculate the greatest common divisor of s and 102.
6
Let a(q) = 48*q + 9. Let u be a(0). Let b = 1 + 0. Let s be -81*(-2 + b + 0). Calculate the greatest common factor of s and u.
9
Let f be 8/12 - 10/(-30). What is the greatest common divisor of 49 and f?
1
Let m(x) = 46 - 3*x**2 + 26 + 2*x**2. Let f be m(0). What is the greatest common divisor of 9 and f?
9
Let q be 6*(-1)/8*-4. Suppose -33 = -q*l + 15. What is the greatest common factor of l and 64?
16
Let y = 429 + -331. What is the highest common divisor of 98 and y?
98
Suppose 2*r - 64 = -2*p, -25*p = -3*r - 26*p + 102. What is the highest common factor of r and 175?
35
Let k = 1284 - 699. Calculate the greatest common factor of k and 455.
65
Let q be (-3 - 33/(-6))*-96. Let f be 32/q + (-724)/(-30). Suppose 2*d + 5*u - f = 0, d + 20 = 3*d + 4*u. Calculate the highest common divisor of d and 2.
2
Suppose 6*l + 5*j - 40 = l, l - 12 = -3*j. Suppose -4*o + o + 54 = 0. Suppose -l*q = -3*q - o. What is the highest common divisor of q and 48?
6
Let j be (1 - -4)/(-5) - -69. Let o = j - -7. Calculate the highest common divisor of 15 and o.
15
Suppose a - 2*o + 7*o = 39, -107 = -5*a - 3*o. Suppose 2*y + 33 = -2*w + 77, 12 = 4*w. What is the highest common divisor of a and y?
19
Let p be (25/(-15))/((-537)/(-135) - 4). Calculate the highest common divisor of p and 105.
15
Suppose -1 = -o - 3. Let c be o/11 - (-12890)/110. Calculate the greatest common factor of 13 and c.
13
Let o = 90 + -58. Let u = o - 29. Calculate the highest common factor of 24 and u.
3
Let z be 35/20 + -3 + 23345/20. What is the greatest common divisor of z and 22?
22
Suppose 80 = 6*n - 10. Calculate the greatest common divisor of n and 95.
5
Let m(z) = -6*z + 172. Let l be m(25). Let y = 2 - -7. Let p be (66/y)/((-2)/(-6)). What is the highest common factor of l and p?
22
Suppose 0 = -14*n + 17*n - 6. Suppose 3*l + l = -2*v + 34, n*l - 4*v - 12 = 0. Calculate the highest common divisor of 1 and l.
1
Suppose 12*j - 174*j + 19440 = 0. Suppose t - 40 = -t. What is the greatest common factor of j and t?
20
Let z = 6 + 5. Suppose 4*y = -o + 20, 4*o + 12 = y + 6*o. S